2) to base 11.
5
87 (base 9) to base 13
61
Convert 45 (base 10) to base 15.
30
What is 3 (base 6) in base 4?
3
54 (base 9) to base 8
61
What is d (base 14) in base 16?
d
50 (base 7) to base 4
203
-10110 (base 2) to base 10
-22
Convert a7 (base 14) to base 12.
103
What is -1001000 (base 2) in base 13?
-57
Convert 10 (base 6) to base 4.
12
Convert -30 (base 8) to base 16.
-18
-a6 (base 16) to base 3
-20011
188 (base 11) to base 2
11011001
-1 (base 3) to base 4
-1
What is -19 (base 12) in base 16?
-15
Convert -53 (base 11) to base 8.
-72
Convert -102222 (base 3) to base 5.
-2243
-23 (base 9) to base 7
-30
Convert -40 (base 7) to base 8.
-34
Convert -333 (base 5) to base 3.
-10110
What is -3 (base 5) in base 10?
-3
-21 (base 3) to base 7
-10
-213 (base 5) to base 3
-2011
What is 5 (base 12) in base 15?
5
What is -10 (base 3) in base 9?
-3
Convert -1 (base 8) to base 5.
-1
What is 100 (base 2) in base 6?
4
224 (base 5) to base 10
64
Convert -26 (base 10) to base 3.
-222
Convert -8 (base 15) to base 10.
-8
Convert -d (base 14) to base 7.
-16
-1 (base 10) to base 3
-1
-3 (base 10) to base 14
-3
What is -10 (base 9) in base 16?
-9
-102 (base 5) to base 12
-23
-8c (base 15) to base 5
-1012
What is -e3 (base 16) in base 2?
-11100011
What is -215 (base 6) in base 10?
-83
What is 9 (base 15) in base 2?
1001
Convert -2 (base 9) to base 10.
-2
0 (base 6) to base 5
0
-70 (base 12) to base 11
-77
Convert 94 (base 15) to base 12.
b7
100111 (base 2) to base 6
103
Convert -77 (base 14) to base 8.
-151
What is -20 (base 7) in base 16?
-e
What is a (base 13) in base 8?
12
Convert 256 (base 8) to base 5.
1144
12 (base 7) to base 4
21
Convert -36 (base 7) to base 6.
-43
What is 1202 (base 4) in base 14?
70
-100001011 (base 2) to base 10
-267
b (base 12) to base 11
10
What is 50 (base 16) in base 14?
5a
Convert 10 (base 5) to base 4.
11
Convert 3 (base 14) to base 16.
3
Convert -4 (base 16) to base 9.
-4
7 (base 11) to base 2
111
Convert -4 (base 5) to base 6.
-4
What is -30 (base 10) in base 8?
-36
What is 7 (base 14) in base 3?
21
What is 127 (base 9) in base 7?
211
What is 17 (base 9) in base 8?
20
What is 19 (base 10) in base 13?
16
4 (base 12) to base 9
4
What is -14b (base 15) in base 2?
-100101000
What is -250 (base 10) in base 16?
-fa
1 (base 15) to base 11
1
What is -19 (base 16) in base 9?
-27
Convert 10 (base 2) to base 4.
2
Convert -8 (base 14) to base 2.
-1000
What is -71 (base 9) in base 5?
-224
4 (base 11) to base 15
4
Convert -16 (base 12) to base 13.
-15
4 (base 13) to base 3
11
Convert -1 (base 10) to base 4.
-1
What is 47 (base 8) in base 12?
33
5 (base 15) to base 16
5
What is 110220 (base 3) in base 8?
534
1 (base 15) to base 12
1
Convert 15 (base 8) to base 5.
23
Convert 4 (base 13) to base 16.
4
Convert -5 (base 14) to base 6.
-5
What is 1 (base 7) in base 13?
1
31 (base 4) to base 3
111
What is -11100 (base 2) in base 4?
-130
What is 23 (base 12) in base 6?
43
102 (base 4) to base 6
30
16 (base 12) to base 14
14
-b2 (base 13) to base 4
-2101
What is -10 (base 14) in base 6?
-22
Convert -144 (base 7) to base 13.
-63
-7 (base 8) to base 9
-7
What is -10 (base 9) in base 5?
-14
What is -137 (base 9) in base 16?
-73
Convert -15 (base 10) to base 14.
-11
What is -1 (base 2) in base 12?
-1
Convert -24 (base 16) to base 4.
-210
Convert 1 (base 12) to base 13.
1
20 (base 15) to base 14
22
Convert 2 (base 3) to base 8.
2
Convert 11 (base 3) to base 5.
4
What is 21 (base 9) in base 3?
201
What is -68 (base 11) in base 15?
-4e
4 (base 16) to base 6
4
What is -2 (base 10) in base 4?
-2
-311 (base 5) to base 6
-213
What is a (base 14) in base 11?
a
What is 422 (base 5) in base 16?
70
What is -2141 (base 5) in base 16?
-128
What is 7 (base 11) in base 7?
10
Convert 10000001 (base 2) to base 10.
129
What is -22 (base 11) in base 8?
-30
Convert -11 (base 5) to base 13.
-6
What is 112 (base 4) in base 11?
20
a1 (base 15) to base 14
ab
What is -44 (base 5) in base 11?
-22
-1 (base 3) to base 2
-1
Convert -1 (base 5) to base 11.
-1
2 (base 4) to base 3
2
Convert -10 (base 4) to base 16.
-4
What is 1000000 (base 2) in base 3?
2101
-29 (base 14) to base 8
-45
4 (base 16) to base 3
11
123 (base 6) to base 3
1220
What is 131 (base 6) in base 14?
3d
What is -29 (base 16) in base 2?
-101001
What is 101 (base 2) in base 5?
10
-30 (base 4) to base 12
-10
Convert -b (base 14) to base 16.
-b
What is -5 (base 14) in base 7?
-5
130 (base 6) to base 14
3c
0 (base 5) to base 15
0
-4 (base 8) to base 12
-4
-2 (base 15) to base 11
-2
What is -27 (base 13) in base 15?
-23
1 (base 12) to base 10
1
What is 9a (base 16) in base 6?
414
What is 1 (base 16) in base 2?
1
What is c9 (base 13) in base 7?
324
What is 1142 (base 5) in base 14?
c4
What is 101 (base 4) in base 9?
18
10 (base 11) to base 9
12
What is 15 (base 9) in base 13?
11
Convert -100101111 (base 2) to base 11.
-256
Convert -1111000 (base 2) to base 7.
-231
What is 4 (base 5) in base 16?
4
107 (base 12) to base 8
227
12 (base 10) to base 8
14
What is -100 (base 3) in base 14?
-9
250 (base 6) to base 10
102
What is -2 (base 11) in base 15?
-2
-2 (base 12) to base 15
-2
57 (base 10) to base 15
3c
What is 13 (base 5) in base 15?
8
5 (base 7) to base 5
10
What is -5 (base 13) in base 10?
-5
-2 (base 7) to base 2
-10
Convert -6 (base 8) to base 15.
-6
-2 (base 6) to base 3
-2
4 (base 10) to base 7
4
What is -5 (base 10) in base 15?
-5
What is 2 (base 3) in base 12?
2
What is 8 (base 14) in base 5?
13
Convert 69 (base 10) to base 9.
76
Convert 1 (base 16) to base 8.
1
-10233 (base 4) to base 9
-366
Convert 0 (base 6) to base 7.
0
Convert -18 (base 9) to base 7.
-23
What is -134 (base 8) in base 12?
-78
Convert 3 (base 10) to base 6.
3
-87 (base 14) to base 12
-9b
Convert 152 (base 9) to base 12.
a8
Convert 455 (base 6) to base 3.
20122
Convert 187 (base 12) to base 11.
205
What is -421 (base 7) in base 8?
-323
Convert -311 (base 6) to base 13.
-8b
Convert 16 (base 8) to base 10.
14
10110100 (base 2) to base 13
10b
36 (base 8) to base 4
132
What is c (base 16) in base 6?
20
f5 (base 16) to base 12
185
Convert 11 (base 13) to base 6.
22
What is -122 (base 3) in base 5?
-32
Convert 2 (base 5) to base 15.
2
What is -2 (base 8) in base 10?
-2
100 (base 2) to base 9
4
3 (base 9) to base 7
3
Convert 0 (base 4) to base 10.
0
What is 2012 (base 3) in base 5?
214
18 (base 12) to base 6
32
What is 1003 (base 4) in base 6?
151
Convert -26 (base 11) to base 15.
-1d
What is 5 (base 7) in base 11?
5
Convert -11010 (base 2) to base 11.
-24
49 (base 12) to base 15
3c
What is -15 (base 6) in base 14?
-b
What is -3 (base 12) in base 16?
-3
What is -137 (base 9) in base 6?
-311
What is 19 (base 14) in base 13?
1a
a (base 16) to base 6
14
33 (base 9) to base 2
11110
What is -66 (base 10) in base 15?
-46
4 (base 8) to base 4
10
101 (base 4) to base 8
21
Convert -220 (base 3) to base 5.
-44
Convert -30 (base 10) to base 12.
-26
What is -30 (base 15) in base 12?
-39
Convert 28 (base 10) to base 8.
34
bb (base 12) to base 2
10001111
What is -5 (base 6) in base 10?
-5
36 (base 15) to base 13
3c
Convert 4 (base 11) to base 9.
4
Convert -1 (base 8) to base 15.
-1
Convert 1 (base 16) to base 5.
1
Convert -1 (base 11) to base 12.
-1
Convert a (base 12) to base 7.
13
Convert 43 (base 5) to base 15.
18
Convert 37 (base 9) to base 3.
1021
What is -11 (base 3) in base 4?
-10
136 (base 11) to base 5
1120
What is 21 (base 5) in base 13?
b
What is 4 (base 10) in base 16?
4
What is -2 (base 10) in base 7?
-2
-10 (base 5) to base 6
-5
-311 (base 5) to base 15
-56
Convert 101 (base 3) to base 7.
13
8 (base 13) to base 12
8
10 (base 8) to base 4
20
Convert 1 (base 8) to base 12.
1
What is 210 (base 3) in base 6?
33
Convert 1110 (base 2) to base 5.
24
Convert 8a (base 15) to base 11.
109
What is -1110 (base 2) in base 15?
-e
What is -78 (base 9) in base 16?
-47
What is 110 (base 2) in base 12?
6
33 (base 8) to base 14
1d
Convert 2c (base 13) to base 14.
2a
Convert 329 (base 11) to base 8.
612
Convert 1a (base 14) to base 11.
22
What is 113 (base 7) in base 13?
47
Convert -51 (base 6) to base 8.
-37
What is 2 (base 8) in base 11?
2
-2 (base 14) to base 13
-2
What is -3 (base 14) in base 8?
-3
Convert 89 (base 13) to base 12.
95
What is 41 (base 6) in base 8?
31
Co